{"id":7636,"date":"2024-05-26T11:54:09","date_gmt":"2024-05-26T09:54:09","guid":{"rendered":"https:\/\/creazionifass.it\/shop\/?post_type=product&#038;p=7636"},"modified":"2024-06-03T11:22:18","modified_gmt":"2024-06-03T09:22:18","slug":"foglie-intricate-codice-f21sejq6c2003","status":"publish","type":"product","link":"https:\/\/creazionifass.it\/shop\/i-nostri-prodotti\/foglie-intricate-codice-f21sejq6c2003\/","title":{"rendered":"Foglie Intricate &#8211; Codice: F21SEJQ6C2003"},"content":{"rendered":"<p>L\u2019opera in maglia rappresenta un suggestivo paesaggio di un bosco di betulle. Vi \u00e8 la volont\u00e0 di evidenziare che le betulle sono alberi eleganti e slanciati, con tronchi bianchi e sottili che in questo caso fanno da protagonista in tutto il quadro. In un\u2019ambientazione autunnale creando un contrasto affascinante le foglie oramai secche e di un colore quasi cupo chiarezza dei tronchi. La luce filtra tra i rami, creando giochi di ombre e luci che conferiscono all\u2019opera un&#8217;atmosfera magica e rilassante. In questo dipinto, l&#8217;artista ha catturato la bellezza e la delicatezza della natura, evidenziando la grazia e l&#8217;eleganza delle betulle. La profondit\u00e0 della foresta e la sensazione di tranquillit\u00e0 che trasmette sono enfatizzate dalla scelta dei colori e dei filati. \u00c8 un&#8217;opera che invita alla contemplazione e alla connessione con la natura, trasportando chi la guarda in un mondo di pace e armonia.<\/p>\n","protected":false},"excerpt":{"rendered":"<p>L\u2019opera in maglia rappresenta un suggestivo paesaggio di un bosco di betulle. Vi \u00e8 la volont\u00e0 di evidenziare che le betulle sono alberi eleganti e slanciati, con tronchi bianchi e sottili che in questo caso fanno da protagonista in tutto il quadro.<\/p>\n","protected":false},"featured_media":7646,"comment_status":"open","ping_status":"closed","template":"","meta":{"_joinchat":[]},"product_cat":[170],"product_tag":[],"class_list":{"0":"post-7636","1":"product","2":"type-product","3":"status-publish","4":"has-post-thumbnail","6":"product_cat-i-nostri-prodotti","8":"first","9":"instock","10":"taxable","11":"shipping-taxable","12":"purchasable","13":"product-type-variable"},"yoast_head":"<!-- This site is optimized with the Yoast SEO plugin v23.9 - https:\/\/yoast.com\/wordpress\/plugins\/seo\/ -->\n<title>Foglie Intricate - Codice: F21SEJQ6C2003 | Creazioni Fass<\/title>\n<meta name=\"robots\" content=\"noindex, follow\" \/>\n<meta property=\"og:locale\" content=\"it_IT\" \/>\n<meta property=\"og:type\" content=\"article\" \/>\n<meta property=\"og:title\" content=\"Foglie Intricate - Codice: F21SEJQ6C2003 | Creazioni Fass\" \/>\n<meta property=\"og:description\" content=\"L\u2019opera in maglia rappresenta un suggestivo paesaggio di un bosco di betulle. Vi \u00e8 la volont\u00e0 di evidenziare che le betulle sono alberi eleganti e slanciati, con tronchi bianchi e sottili che in questo caso fanno da protagonista in tutto il quadro.\" \/>\n<meta property=\"og:url\" content=\"https:\/\/creazionifass.it\/shop\/i-nostri-prodotti\/foglie-intricate-codice-f21sejq6c2003\/\" \/>\n<meta property=\"og:site_name\" content=\"Creazioni Fass\" \/>\n<meta property=\"article:modified_time\" content=\"2024-06-03T09:22:18+00:00\" \/>\n<meta property=\"og:image\" content=\"https:\/\/creazionifass.it\/shop\/wp-content\/uploads\/2024\/05\/FASS-quadro7_2.jpg\" \/>\n\t<meta property=\"og:image:width\" content=\"2000\" \/>\n\t<meta property=\"og:image:height\" content=\"2000\" \/>\n\t<meta property=\"og:image:type\" content=\"image\/jpeg\" \/>\n<meta name=\"twitter:card\" content=\"summary_large_image\" \/>\n<meta name=\"twitter:label1\" content=\"Tempo di lettura stimato\" \/>\n\t<meta name=\"twitter:data1\" content=\"1 minuto\" \/>\n<script type=\"application\/ld+json\" class=\"yoast-schema-graph\">{\"@context\":\"https:\/\/schema.org\",\"@graph\":[{\"@type\":\"WebPage\",\"@id\":\"https:\/\/creazionifass.it\/shop\/i-nostri-prodotti\/foglie-intricate-codice-f21sejq6c2003\/\",\"url\":\"https:\/\/creazionifass.it\/shop\/i-nostri-prodotti\/foglie-intricate-codice-f21sejq6c2003\/\",\"name\":\"Foglie Intricate - Codice: F21SEJQ6C2003 | Creazioni Fass\",\"isPartOf\":{\"@id\":\"https:\/\/creazionifass.it\/shop\/#website\"},\"primaryImageOfPage\":{\"@id\":\"https:\/\/creazionifass.it\/shop\/i-nostri-prodotti\/foglie-intricate-codice-f21sejq6c2003\/#primaryimage\"},\"image\":{\"@id\":\"https:\/\/creazionifass.it\/shop\/i-nostri-prodotti\/foglie-intricate-codice-f21sejq6c2003\/#primaryimage\"},\"thumbnailUrl\":\"https:\/\/creazionifass.it\/shop\/wp-content\/uploads\/2024\/05\/FASS-quadro7_2.jpg\",\"datePublished\":\"2024-05-26T09:54:09+00:00\",\"dateModified\":\"2024-06-03T09:22:18+00:00\",\"breadcrumb\":{\"@id\":\"https:\/\/creazionifass.it\/shop\/i-nostri-prodotti\/foglie-intricate-codice-f21sejq6c2003\/#breadcrumb\"},\"inLanguage\":\"it-IT\",\"potentialAction\":[{\"@type\":\"ReadAction\",\"target\":[\"https:\/\/creazionifass.it\/shop\/i-nostri-prodotti\/foglie-intricate-codice-f21sejq6c2003\/\"]}]},{\"@type\":\"ImageObject\",\"inLanguage\":\"it-IT\",\"@id\":\"https:\/\/creazionifass.it\/shop\/i-nostri-prodotti\/foglie-intricate-codice-f21sejq6c2003\/#primaryimage\",\"url\":\"https:\/\/creazionifass.it\/shop\/wp-content\/uploads\/2024\/05\/FASS-quadro7_2.jpg\",\"contentUrl\":\"https:\/\/creazionifass.it\/shop\/wp-content\/uploads\/2024\/05\/FASS-quadro7_2.jpg\",\"width\":2000,\"height\":2000},{\"@type\":\"BreadcrumbList\",\"@id\":\"https:\/\/creazionifass.it\/shop\/i-nostri-prodotti\/foglie-intricate-codice-f21sejq6c2003\/#breadcrumb\",\"itemListElement\":[{\"@type\":\"ListItem\",\"position\":1,\"name\":\"Home\",\"item\":\"https:\/\/creazionifass.it\/shop\/\"},{\"@type\":\"ListItem\",\"position\":2,\"name\":\"Shop\",\"item\":\"https:\/\/creazionifass.it\/shop\/shop\/\"},{\"@type\":\"ListItem\",\"position\":3,\"name\":\"Foglie Intricate &#8211; Codice: F21SEJQ6C2003\"}]},{\"@type\":\"WebSite\",\"@id\":\"https:\/\/creazionifass.it\/shop\/#website\",\"url\":\"https:\/\/creazionifass.it\/shop\/\",\"name\":\"Creazioni Fass\",\"description\":\"Manifatture made in Italy\",\"potentialAction\":[{\"@type\":\"SearchAction\",\"target\":{\"@type\":\"EntryPoint\",\"urlTemplate\":\"https:\/\/creazionifass.it\/shop\/?s={search_term_string}\"},\"query-input\":{\"@type\":\"PropertyValueSpecification\",\"valueRequired\":true,\"valueName\":\"search_term_string\"}}],\"inLanguage\":\"it-IT\"}]}<\/script>\n<!-- \/ Yoast SEO plugin. -->","yoast_head_json":{"title":"Foglie Intricate - Codice: F21SEJQ6C2003 | Creazioni Fass","robots":{"index":"noindex","follow":"follow"},"og_locale":"it_IT","og_type":"article","og_title":"Foglie Intricate - Codice: F21SEJQ6C2003 | Creazioni Fass","og_description":"L\u2019opera in maglia rappresenta un suggestivo paesaggio di un bosco di betulle. Vi \u00e8 la volont\u00e0 di evidenziare che le betulle sono alberi eleganti e slanciati, con tronchi bianchi e sottili che in questo caso fanno da protagonista in tutto il quadro.","og_url":"https:\/\/creazionifass.it\/shop\/i-nostri-prodotti\/foglie-intricate-codice-f21sejq6c2003\/","og_site_name":"Creazioni Fass","article_modified_time":"2024-06-03T09:22:18+00:00","og_image":[{"width":2000,"height":2000,"url":"https:\/\/creazionifass.it\/shop\/wp-content\/uploads\/2024\/05\/FASS-quadro7_2.jpg","type":"image\/jpeg"}],"twitter_card":"summary_large_image","twitter_misc":{"Tempo di lettura stimato":"1 minuto"},"schema":{"@context":"https:\/\/schema.org","@graph":[{"@type":"WebPage","@id":"https:\/\/creazionifass.it\/shop\/i-nostri-prodotti\/foglie-intricate-codice-f21sejq6c2003\/","url":"https:\/\/creazionifass.it\/shop\/i-nostri-prodotti\/foglie-intricate-codice-f21sejq6c2003\/","name":"Foglie Intricate - Codice: F21SEJQ6C2003 | Creazioni Fass","isPartOf":{"@id":"https:\/\/creazionifass.it\/shop\/#website"},"primaryImageOfPage":{"@id":"https:\/\/creazionifass.it\/shop\/i-nostri-prodotti\/foglie-intricate-codice-f21sejq6c2003\/#primaryimage"},"image":{"@id":"https:\/\/creazionifass.it\/shop\/i-nostri-prodotti\/foglie-intricate-codice-f21sejq6c2003\/#primaryimage"},"thumbnailUrl":"https:\/\/creazionifass.it\/shop\/wp-content\/uploads\/2024\/05\/FASS-quadro7_2.jpg","datePublished":"2024-05-26T09:54:09+00:00","dateModified":"2024-06-03T09:22:18+00:00","breadcrumb":{"@id":"https:\/\/creazionifass.it\/shop\/i-nostri-prodotti\/foglie-intricate-codice-f21sejq6c2003\/#breadcrumb"},"inLanguage":"it-IT","potentialAction":[{"@type":"ReadAction","target":["https:\/\/creazionifass.it\/shop\/i-nostri-prodotti\/foglie-intricate-codice-f21sejq6c2003\/"]}]},{"@type":"ImageObject","inLanguage":"it-IT","@id":"https:\/\/creazionifass.it\/shop\/i-nostri-prodotti\/foglie-intricate-codice-f21sejq6c2003\/#primaryimage","url":"https:\/\/creazionifass.it\/shop\/wp-content\/uploads\/2024\/05\/FASS-quadro7_2.jpg","contentUrl":"https:\/\/creazionifass.it\/shop\/wp-content\/uploads\/2024\/05\/FASS-quadro7_2.jpg","width":2000,"height":2000},{"@type":"BreadcrumbList","@id":"https:\/\/creazionifass.it\/shop\/i-nostri-prodotti\/foglie-intricate-codice-f21sejq6c2003\/#breadcrumb","itemListElement":[{"@type":"ListItem","position":1,"name":"Home","item":"https:\/\/creazionifass.it\/shop\/"},{"@type":"ListItem","position":2,"name":"Shop","item":"https:\/\/creazionifass.it\/shop\/shop\/"},{"@type":"ListItem","position":3,"name":"Foglie Intricate &#8211; Codice: F21SEJQ6C2003"}]},{"@type":"WebSite","@id":"https:\/\/creazionifass.it\/shop\/#website","url":"https:\/\/creazionifass.it\/shop\/","name":"Creazioni Fass","description":"Manifatture made in Italy","potentialAction":[{"@type":"SearchAction","target":{"@type":"EntryPoint","urlTemplate":"https:\/\/creazionifass.it\/shop\/?s={search_term_string}"},"query-input":{"@type":"PropertyValueSpecification","valueRequired":true,"valueName":"search_term_string"}}],"inLanguage":"it-IT"}]}},"_links":{"self":[{"href":"https:\/\/creazionifass.it\/shop\/wp-json\/wp\/v2\/product\/7636","targetHints":{"allow":["GET"]}}],"collection":[{"href":"https:\/\/creazionifass.it\/shop\/wp-json\/wp\/v2\/product"}],"about":[{"href":"https:\/\/creazionifass.it\/shop\/wp-json\/wp\/v2\/types\/product"}],"replies":[{"embeddable":true,"href":"https:\/\/creazionifass.it\/shop\/wp-json\/wp\/v2\/comments?post=7636"}],"wp:featuredmedia":[{"embeddable":true,"href":"https:\/\/creazionifass.it\/shop\/wp-json\/wp\/v2\/media\/7646"}],"wp:attachment":[{"href":"https:\/\/creazionifass.it\/shop\/wp-json\/wp\/v2\/media?parent=7636"}],"wp:term":[{"taxonomy":"product_cat","embeddable":true,"href":"https:\/\/creazionifass.it\/shop\/wp-json\/wp\/v2\/product_cat?post=7636"},{"taxonomy":"product_tag","embeddable":true,"href":"https:\/\/creazionifass.it\/shop\/wp-json\/wp\/v2\/product_tag?post=7636"}],"curies":[{"name":"wp","href":"https:\/\/api.w.org\/{rel}","templated":true}]}}