{"id":7257,"date":"2021-02-22T17:12:41","date_gmt":"2021-02-22T16:12:41","guid":{"rendered":"https:\/\/creazionifass.it\/shop\/?page_id=7257"},"modified":"2024-05-25T10:29:45","modified_gmt":"2024-05-25T08:29:45","slug":"chi-siamo","status":"publish","type":"page","link":"https:\/\/creazionifass.it\/shop\/chi-siamo\/","title":{"rendered":"Chi Siamo"},"content":{"rendered":"<div class=\"wpb-content-wrapper\"><p>[vc_row][vc_column]\t\t\t<div class=\"info-box-wrapper\">\n\t\t\t\t<div id=\"wd-6651a0b64cc2c\" class=\" wd-rs-6651a0b64cc2c wd-info-box wd-wpb text-left box-icon-align-left box-style-shadow color-scheme- wd-bg-none wd-items-top \">\n\t\t\t\t\t\t\t\t\t\t\t<div class=\"box-icon-wrapper  box-with-text text-size-small box-icon-simple\">\n\t\t\t\t\t\t\t<div class=\"info-box-icon\">\n\n\t\t\t\t\t\t\t\t\t\t\t\t\t\t\t1\t\t\t\t\t\t\t\n\t\t\t\t\t\t\t<\/div>\n\t\t\t\t\t\t<\/div>\n\t\t\t\t\t\t\t\t\t\t<div class=\"info-box-content\">\n\t\t\t\t\t\t<h4 class=\"info-box-title title box-title-style-default wd-fontsize-m\">La Storia<\/h4>\t\t\t\t\t\t<div class=\"info-box-inner set-cont-mb-s reset-last-child\"><p>Cinquant\u2019anni di esperienza sono quelli che gettano le basi per un nuovo capitolo di Creazioni Fass. Da sempre un\u2019eccellenza nelle lavorazioni in maglia ma soprattutto una realt\u00e0 importante per il settore dell\u2019artigianato e del Made in Italy. Un percorso aziendale indissolubilmente legato alla storia e alla qualit\u00e0 della vera maglieria ma che non smette di guardare al futuro.<\/p>\n<p>Nuovo obiettivo \u00e8 quindi quello di mettere a disposizione le tecnologie, in sinergia con le abilit\u00e0 artigiane dei propri dipendenti per creare pezzi unici ma alla portata di tutti.<\/p>\n<p>Questo diviene un modo per condividere e far apprezzare il valore di un\u2019arte antica ma soprattutto italiana che ad oggi passa in secondo piano perch\u00e9 talvolta resa banale in prodotti di uso quotidiano, dall\u2019abbigliamento agli accessori.<\/p>\n<p>Creazioni Fass quindi intende dare nuova vita ma anche prestigio ad una lavorazione che finalmente pu\u00f2 essere ammirata e custodita come una vera opera d\u2019arte.<\/p>\n<\/div>\n\n\t\t\t\t\t\t\t\t\t\t\t<\/div>\n\n\t\t\t\t\t\n\t\t\t\t\t\t\t\t\t<\/div>\n\t\t\t<\/div>\n\t\t\t\t\t<div class=\"info-box-wrapper\">\n\t\t\t\t<div id=\"wd-6651a0d2c8164\" class=\" wd-rs-6651a0d2c8164 wd-info-box wd-wpb text-left box-icon-align-left box-style-shadow color-scheme- wd-bg-none wd-items-top \">\n\t\t\t\t\t\t\t\t\t\t\t<div class=\"box-icon-wrapper  box-with-text text-size-small box-icon-simple\">\n\t\t\t\t\t\t\t<div class=\"info-box-icon\">\n\n\t\t\t\t\t\t\t\t\t\t\t\t\t\t\t1\t\t\t\t\t\t\t\n\t\t\t\t\t\t\t<\/div>\n\t\t\t\t\t\t<\/div>\n\t\t\t\t\t\t\t\t\t\t<div class=\"info-box-content\">\n\t\t\t\t\t\t<h4 class=\"info-box-title title box-title-style-default wd-fontsize-m\">Fase Produttiva<\/h4>\t\t\t\t\t\t<div class=\"info-box-inner set-cont-mb-s reset-last-child\"><p>Ci\u00f2 che rende ogni opera unica \u00e8 non solo la storia e l\u2019esperienza di chi la lavora ma anche l\u2019intero processo produttivo, in quanto articolato in diverse fasi.<\/p>\n<p>Vi \u00e8 una cura maniacale dei dettagli e delle scelte a monte di ogni progetto che si avvia con un\u2019accurata scelta dell\u2019immagine che sar\u00e0 poi elaborata e ricampionata in una colorazione compatibile con i filati che saranno utilizzati.<\/p>\n<p>Questi ultimi sono quasi esclusivamente filati pregiati, dal cashmere, seta ad altre tipologie con finiture particolari ed innovative.<\/p>\n<p>Tutto il processo grafico alla base \u00e8 rielaborato con software Shima Seiki, medesima tecnologia di tutte le macchine presenti in azienda che concorrono anch\u2019esse alla precisione del risultato finale.<\/p>\n<p>Un risultato che subisce diverse fasi e lavorazioni, quindi, dal processo grafico, passando per il ridimensionamento ed alla conversione di un\u2019unit\u00e0 di misura che diverranno gli aghi per poi giungere ad un processo di programmazione vero e proprio.<\/p>\n<p>\u00c8 qui che i programmatori tecnici, andranno a ricreare le trame e a costruire i punti che faranno parte del telo finale. Non si tratta quindi di una lavorazione semplice ed immediata, in quanto fatta di progettazione prima e di regolazioni di parametri poi, nella realizzazione vera e propria eseguita in macchina. Una volta ottenuto un telo di prova, si passa ai test di lavaggio e stiro che serviranno per le misure precise e in scala del prodotto che si vuole ottenere. Dalla nuova ed effettiva esecuzione del telo definitivo che spesso \u00e8 il risultato di diversi test, lo stesso sar\u00e0 controllato, lavato e stirato da tutti gli addetti ai vari settori fino a che non si otterr\u00e0 un\u2019opera accurata ed ineguagliabile.<\/p>\n<\/div>\n\n\t\t\t\t\t\t\t\t\t\t\t<\/div>\n\n\t\t\t\t\t\n\t\t\t\t\t\t\t\t\t<\/div>\n\t\t\t<\/div>\n\t\t\t\t<div id=\"gallery_172\" class=\"wd-images-gallery wd-wpb wd-rs-6651a17431fbd photoswipe-images\" style=\"--wd-justify-content:center;--wd-align-items:center;\">\n\t\t\t\n\t\t\t<div class=\" wd-grid-g\" style=\"--wd-col-lg:5;--wd-col-md:4;--wd-col-sm:2;--wd-gap-lg:10px;\">\n\t\t\t\t\n\t\t\t\t\t\t\t\t\t\t\t\t\t\t\t<div class=\"wd-gallery-item wd-col\">\n\t\t\t\t\t\t\t\t\t\t\t\t\t\t<a href=\"https:\/\/creazionifass.it\/shop\/wp-content\/uploads\/2024\/05\/Creazioni-Fass-Slider-8894k-scaled-1.jpg\" data-elementor-open-lightbox=\"no\" data-index=\"1\" data-width=\"2560\" data-height=\"1707\" \n\t\t\t\t\t\t\t\t\t\t\t\t >\n\t\t\t\t\t\t\t\t\n\t\t\t\t\t\t\t\t<img loading=\"lazy\" decoding=\"async\" width=\"300\" height=\"200\" src=\"data:image\/jpg;base64,\/9j\/4AAQSkZJRgABAQEAYABgAAD\/\/gA7Q1JFQVRPUjogZ2QtanBlZyB2MS4wICh1c2luZyBJSkcgSlBFRyB2NjIpLCBxdWFsaXR5ID0gODIK\/9sAQwAGBAQFBAQGBQUFBgYGBwkOCQkICAkSDQ0KDhUSFhYVEhQUFxohHBcYHxkUFB0nHR8iIyUlJRYcKSwoJCshJCUk\/9sAQwEGBgYJCAkRCQkRJBgUGCQkJCQkJCQkJCQkJCQkJCQkJCQkJCQkJCQkJCQkJCQkJCQkJCQkJCQkJCQkJCQkJCQk\/8AAEQgACgAPAwEiAAIRAQMRAf\/EABYAAQEBAAAAAAAAAAAAAAAAAAYEB\/\/EACEQAAICAwAABwAAAAAAAAAAAAEDAgQABRESEzFRYXGx\/8QAFAEBAAAAAAAAAAAAAAAAAAAABP\/EABoRAAEFAQAAAAAAAAAAAAAAAAABAgMUITH\/2gAMAwEAAhEDEQA\/ANL2O5TrZTnYehaox8UjORHB3nfrKNfs9Xsa8Hq2FUiY6B5g9PfDGrrpsuuRepbRJhBE4iXR35xNWqV66hFKFKHOchAD8xFmSNMUNXY\/p\/\/Z\" class=\"wd-gallery-image image-1 wd-lazy-load wd-lazy-fade\" alt=\"\" srcset=\"\" sizes=\"auto, (max-width: 300px) 100vw, 300px\" data-wood-src=\"https:\/\/creazionifass.it\/shop\/wp-content\/uploads\/2024\/05\/Creazioni-Fass-Slider-8894k-scaled-1-300x200.jpg\" data-srcset=\"https:\/\/creazionifass.it\/shop\/wp-content\/uploads\/2024\/05\/Creazioni-Fass-Slider-8894k-scaled-1-300x200.jpg 300w, https:\/\/creazionifass.it\/shop\/wp-content\/uploads\/2024\/05\/Creazioni-Fass-Slider-8894k-scaled-1-1024x683.jpg 1024w, https:\/\/creazionifass.it\/shop\/wp-content\/uploads\/2024\/05\/Creazioni-Fass-Slider-8894k-scaled-1-768x512.jpg 768w, https:\/\/creazionifass.it\/shop\/wp-content\/uploads\/2024\/05\/Creazioni-Fass-Slider-8894k-scaled-1-1536x1024.jpg 1536w, https:\/\/creazionifass.it\/shop\/wp-content\/uploads\/2024\/05\/Creazioni-Fass-Slider-8894k-scaled-1-2048x1366.jpg 2048w, https:\/\/creazionifass.it\/shop\/wp-content\/uploads\/2024\/05\/Creazioni-Fass-Slider-8894k-scaled-1-1200x800.jpg 1200w, https:\/\/creazionifass.it\/shop\/wp-content\/uploads\/2024\/05\/Creazioni-Fass-Slider-8894k-scaled-1-150x100.jpg 150w\" \/>\n\t\t\t\t\t\t\t\t\t\t\t\t\t\t\t<\/a>\n\t\t\t\t\t\t\t\t\t\t\t\t<\/div>\n\t\t\t\t\t\t\t\t\t\t\t<div class=\"wd-gallery-item wd-col\">\n\t\t\t\t\t\t\t\t\t\t\t\t\t\t<a href=\"https:\/\/creazionifass.it\/shop\/wp-content\/uploads\/2024\/05\/Creazioni-Fass-Azienda-8990-scaled-1.jpg\" data-elementor-open-lightbox=\"no\" data-index=\"2\" data-width=\"2560\" data-height=\"1707\" \n\t\t\t\t\t\t\t\t\t\t\t\t >\n\t\t\t\t\t\t\t\t\n\t\t\t\t\t\t\t\t<img loading=\"lazy\" decoding=\"async\" width=\"300\" height=\"200\" src=\"data:image\/jpg;base64,\/9j\/4AAQSkZJRgABAQEAYABgAAD\/\/gA7Q1JFQVRPUjogZ2QtanBlZyB2MS4wICh1c2luZyBJSkcgSlBFRyB2NjIpLCBxdWFsaXR5ID0gODIK\/9sAQwAGBAQFBAQGBQUFBgYGBwkOCQkICAkSDQ0KDhUSFhYVEhQUFxohHBcYHxkUFB0nHR8iIyUlJRYcKSwoJCshJCUk\/9sAQwEGBgYJCAkRCQkRJBgUGCQkJCQkJCQkJCQkJCQkJCQkJCQkJCQkJCQkJCQkJCQkJCQkJCQkJCQkJCQkJCQkJCQk\/8AAEQgACgAPAwEiAAIRAQMRAf\/EABYAAQEBAAAAAAAAAAAAAAAAAAYFB\/\/EACIQAAIBBAIBBQAAAAAAAAAAAAECAwAEESEFEkETMTVRc\/\/EABUBAQEAAAAAAAAAAAAAAAAAAAQF\/8QAHBEAAgICAwAAAAAAAAAAAAAAAQMAEgIEITFB\/9oADAMBAAIRAxEAPwDVw\/F8teiONOSiEQCRXJ7L3XBI22z5Gal3Mkat0LySGFWVPWOW2+SCfNP7aNAdKvt9UGvfmZv2kqdtMKchX08xSFhgNuwJ\/9k=\" class=\"wd-gallery-image image-2 wd-lazy-load wd-lazy-fade\" alt=\"\" srcset=\"\" sizes=\"auto, (max-width: 300px) 100vw, 300px\" data-wood-src=\"https:\/\/creazionifass.it\/shop\/wp-content\/uploads\/2024\/05\/Creazioni-Fass-Azienda-8990-scaled-1-300x200.jpg\" data-srcset=\"https:\/\/creazionifass.it\/shop\/wp-content\/uploads\/2024\/05\/Creazioni-Fass-Azienda-8990-scaled-1-300x200.jpg 300w, https:\/\/creazionifass.it\/shop\/wp-content\/uploads\/2024\/05\/Creazioni-Fass-Azienda-8990-scaled-1-1024x683.jpg 1024w, https:\/\/creazionifass.it\/shop\/wp-content\/uploads\/2024\/05\/Creazioni-Fass-Azienda-8990-scaled-1-768x512.jpg 768w, https:\/\/creazionifass.it\/shop\/wp-content\/uploads\/2024\/05\/Creazioni-Fass-Azienda-8990-scaled-1-1536x1024.jpg 1536w, https:\/\/creazionifass.it\/shop\/wp-content\/uploads\/2024\/05\/Creazioni-Fass-Azienda-8990-scaled-1-2048x1366.jpg 2048w, https:\/\/creazionifass.it\/shop\/wp-content\/uploads\/2024\/05\/Creazioni-Fass-Azienda-8990-scaled-1-1200x800.jpg 1200w, https:\/\/creazionifass.it\/shop\/wp-content\/uploads\/2024\/05\/Creazioni-Fass-Azienda-8990-scaled-1-150x100.jpg 150w\" \/>\n\t\t\t\t\t\t\t\t\t\t\t\t\t\t\t<\/a>\n\t\t\t\t\t\t\t\t\t\t\t\t<\/div>\n\t\t\t\t\t\t\t\t\t\t\t<div class=\"wd-gallery-item wd-col\">\n\t\t\t\t\t\t\t\t\t\t\t\t\t\t<a href=\"https:\/\/creazionifass.it\/shop\/wp-content\/uploads\/2024\/05\/Creazioni-Fass-Slider-8976-scaled-1.jpg\" data-elementor-open-lightbox=\"no\" data-index=\"3\" data-width=\"2560\" data-height=\"1561\" \n\t\t\t\t\t\t\t\t\t\t\t\t >\n\t\t\t\t\t\t\t\t\n\t\t\t\t\t\t\t\t<img loading=\"lazy\" decoding=\"async\" width=\"300\" height=\"200\" src=\"data:image\/jpg;base64,\/9j\/4AAQSkZJRgABAQEAYABgAAD\/\/gA7Q1JFQVRPUjogZ2QtanBlZyB2MS4wICh1c2luZyBJSkcgSlBFRyB2NjIpLCBxdWFsaXR5ID0gODIK\/9sAQwAGBAQFBAQGBQUFBgYGBwkOCQkICAkSDQ0KDhUSFhYVEhQUFxohHBcYHxkUFB0nHR8iIyUlJRYcKSwoJCshJCUk\/9sAQwEGBgYJCAkRCQkRJBgUGCQkJCQkJCQkJCQkJCQkJCQkJCQkJCQkJCQkJCQkJCQkJCQkJCQkJCQkJCQkJCQkJCQk\/8AAEQgACgAPAwEiAAIRAQMRAf\/EABYAAQEBAAAAAAAAAAAAAAAAAAQGB\/\/EACIQAAICAgEDBQAAAAAAAAAAAAECAwQAERIFE3EhMVFSYf\/EABUBAQEAAAAAAAAAAAAAAAAAAAAC\/8QAFxEAAwEAAAAAAAAAAAAAAAAAAAERMf\/aAAwDAQACEQMRAD8A1+netiCNZHCWF13AdhT84ulN1m5SImjr17Ky+ojlLqU19uPvv8yn7MTxjlGjeVGIrQxqTxjQeBkQLIf\/2Q==\" class=\"wd-gallery-image image-3 wd-lazy-load wd-lazy-fade\" alt=\"\" data-wood-src=\"https:\/\/creazionifass.it\/shop\/wp-content\/uploads\/2024\/05\/Creazioni-Fass-Slider-8976-scaled-1-300x200.jpg\" srcset=\"\" \/>\n\t\t\t\t\t\t\t\t\t\t\t\t\t\t\t<\/a>\n\t\t\t\t\t\t\t\t\t\t\t\t<\/div>\n\t\t\t\t\t\t\t\t\t\t\t<div class=\"wd-gallery-item wd-col\">\n\t\t\t\t\t\t\t\t\t\t\t\t\t\t<a href=\"https:\/\/creazionifass.it\/shop\/wp-content\/uploads\/2024\/05\/Creazioni-Fass-Azienda-5305-1536x1024-1.jpg\" data-elementor-open-lightbox=\"no\" data-index=\"4\" data-width=\"1536\" data-height=\"1024\" \n\t\t\t\t\t\t\t\t\t\t\t\t >\n\t\t\t\t\t\t\t\t\n\t\t\t\t\t\t\t\t<img loading=\"lazy\" decoding=\"async\" width=\"300\" height=\"200\" src=\"data:image\/jpg;base64,\/9j\/4AAQSkZJRgABAQEAYABgAAD\/2wBDAAYEBAUEBAYFBQUGBgYHCQ4JCQgICRINDQoOFRIWFhUSFBQXGiEcFxgfGRQUHScdHyIjJSUlFhwpLCgkKyEkJST\/2wBDAQYGBgkICREJCREkGBQYJCQkJCQkJCQkJCQkJCQkJCQkJCQkJCQkJCQkJCQkJCQkJCQkJCQkJCQkJCQkJCQkJCT\/wAARCAAKAA8DASIAAhEBAxEB\/8QAFgABAQEAAAAAAAAAAAAAAAAABQMH\/8QAIxAAAgEEAQMFAAAAAAAAAAAAAQIDAAQFESEGElETIzEy4f\/EABUBAQEAAAAAAAAAAAAAAAAAAAAE\/8QAFxEBAAMAAAAAAAAAAAAAAAAAAAESIf\/aAAwDAQACEQMRAD8AVsZ1XG28EduGWRNIwBAlHHx+UD1FbxGD3PTTWu1WBG+fGqvio0bBupRSsbjsBHC7RydeKznI313PmHSW6nkUMOGkJH1NQV0h\/9k=\" class=\"wd-gallery-image image-4 wd-lazy-load wd-lazy-fade\" alt=\"\" srcset=\"\" sizes=\"auto, (max-width: 300px) 100vw, 300px\" data-wood-src=\"https:\/\/creazionifass.it\/shop\/wp-content\/uploads\/2024\/05\/Creazioni-Fass-Azienda-5305-1536x1024-1-300x200.jpg\" data-srcset=\"https:\/\/creazionifass.it\/shop\/wp-content\/uploads\/2024\/05\/Creazioni-Fass-Azienda-5305-1536x1024-1-300x200.jpg 300w, https:\/\/creazionifass.it\/shop\/wp-content\/uploads\/2024\/05\/Creazioni-Fass-Azienda-5305-1536x1024-1-1024x683.jpg 1024w, https:\/\/creazionifass.it\/shop\/wp-content\/uploads\/2024\/05\/Creazioni-Fass-Azienda-5305-1536x1024-1-768x512.jpg 768w, https:\/\/creazionifass.it\/shop\/wp-content\/uploads\/2024\/05\/Creazioni-Fass-Azienda-5305-1536x1024-1-1200x800.jpg 1200w, https:\/\/creazionifass.it\/shop\/wp-content\/uploads\/2024\/05\/Creazioni-Fass-Azienda-5305-1536x1024-1-150x100.jpg 150w, https:\/\/creazionifass.it\/shop\/wp-content\/uploads\/2024\/05\/Creazioni-Fass-Azienda-5305-1536x1024-1.jpg 1536w\" \/>\n\t\t\t\t\t\t\t\t\t\t\t\t\t\t\t<\/a>\n\t\t\t\t\t\t\t\t\t\t\t\t<\/div>\n\t\t\t\t\t\t\t\t\t\t\t<div class=\"wd-gallery-item wd-col\">\n\t\t\t\t\t\t\t\t\t\t\t\t\t\t<a href=\"https:\/\/creazionifass.it\/shop\/wp-content\/uploads\/2024\/05\/Creazioni-Fass-Slider-8976-1536x936-1.jpg\" data-elementor-open-lightbox=\"no\" data-index=\"5\" data-width=\"1536\" data-height=\"936\" \n\t\t\t\t\t\t\t\t\t\t\t\t >\n\t\t\t\t\t\t\t\t\n\t\t\t\t\t\t\t\t<img loading=\"lazy\" decoding=\"async\" width=\"300\" height=\"200\" src=\"data:image\/jpg;base64,\/9j\/4AAQSkZJRgABAQEAYABgAAD\/2wBDAAYEBAUEBAYFBQUGBgYHCQ4JCQgICRINDQoOFRIWFhUSFBQXGiEcFxgfGRQUHScdHyIjJSUlFhwpLCgkKyEkJST\/2wBDAQYGBgkICREJCREkGBQYJCQkJCQkJCQkJCQkJCQkJCQkJCQkJCQkJCQkJCQkJCQkJCQkJCQkJCQkJCQkJCQkJCT\/wAARCAAKAA8DASIAAhEBAxEB\/8QAFgABAQEAAAAAAAAAAAAAAAAABAYH\/8QAIhAAAgICAQMFAAAAAAAAAAAAAQIDBAAREgUTcSExUVJh\/8QAFQEBAQAAAAAAAAAAAAAAAAAAAAL\/xAAXEQADAQAAAAAAAAAAAAAAAAAAAREx\/9oADAMBAAIRAxEAPwDXqd62IEWRwlhddwHYU\/OMpTdZuUiJo69ewsvqI5S6lNfbj77\/ADKbsxPGOUaN5UYmtDGpPGNB4GRAsh\/\/2Q==\" class=\"wd-gallery-image image-5 wd-lazy-load wd-lazy-fade\" alt=\"\" data-wood-src=\"https:\/\/creazionifass.it\/shop\/wp-content\/uploads\/2024\/05\/Creazioni-Fass-Slider-8976-1536x936-1-300x200.jpg\" srcset=\"\" \/>\n\t\t\t\t\t\t\t\t\t\t\t\t\t\t\t<\/a>\n\t\t\t\t\t\t\t\t\t\t\t\t<\/div>\n\t\t\t\t\t\t\t\t\t\n\t\t\t\t\t\t\t<\/div>\n\n\t\t\t\t\t<\/div>\n\t\t[\/vc_column][\/vc_row]<\/p>\n<\/div>","protected":false},"excerpt":{"rendered":"<p>[vc_row][vc_column][\/vc_column][\/vc_row]<\/p>\n","protected":false},"author":1,"featured_media":0,"parent":0,"menu_order":0,"comment_status":"closed","ping_status":"closed","template":"","meta":{"_joinchat":[],"footnotes":""},"class_list":["post-7257","page","type-page","status-publish","hentry"],"yoast_head":"<!-- This site is optimized with the Yoast SEO plugin v23.9 - https:\/\/yoast.com\/wordpress\/plugins\/seo\/ -->\n<title>Chi Siamo | Creazioni Fass<\/title>\n<meta name=\"description\" content=\"Sulla collina di Sarano ad una altitudine di 400 metri sul livello del mare, 500 alberi di ulivo secolari affondano le radici in una coltre superficiale di terreno vegetale adagiato su uno strato sottostante di roccia calcarea friabile.\" \/>\n<meta name=\"robots\" content=\"index, follow, max-snippet:-1, max-image-preview:large, max-video-preview:-1\" \/>\n<link rel=\"canonical\" href=\"https:\/\/creazionifass.it\/shop\/chi-siamo\/\" \/>\n<meta property=\"og:locale\" content=\"it_IT\" \/>\n<meta property=\"og:type\" content=\"article\" \/>\n<meta property=\"og:title\" content=\"Chi Siamo | Creazioni Fass\" \/>\n<meta property=\"og:description\" content=\"Sulla collina di Sarano ad una altitudine di 400 metri sul livello del mare, 500 alberi di ulivo secolari affondano le radici in una coltre superficiale di terreno vegetale adagiato su uno strato sottostante di roccia calcarea friabile.\" \/>\n<meta property=\"og:url\" content=\"https:\/\/creazionifass.it\/shop\/chi-siamo\/\" \/>\n<meta property=\"og:site_name\" content=\"Creazioni Fass\" \/>\n<meta property=\"article:modified_time\" content=\"2024-05-25T08:29:45+00:00\" \/>\n<meta name=\"twitter:card\" content=\"summary_large_image\" \/>\n<meta name=\"twitter:label1\" content=\"Tempo di lettura stimato\" \/>\n\t<meta name=\"twitter:data1\" content=\"4 minuti\" \/>\n<script type=\"application\/ld+json\" class=\"yoast-schema-graph\">{\"@context\":\"https:\/\/schema.org\",\"@graph\":[{\"@type\":\"WebPage\",\"@id\":\"https:\/\/creazionifass.it\/shop\/chi-siamo\/\",\"url\":\"https:\/\/creazionifass.it\/shop\/chi-siamo\/\",\"name\":\"Chi Siamo | Creazioni Fass\",\"isPartOf\":{\"@id\":\"https:\/\/creazionifass.it\/shop\/#website\"},\"datePublished\":\"2021-02-22T16:12:41+00:00\",\"dateModified\":\"2024-05-25T08:29:45+00:00\",\"description\":\"Sulla collina di Sarano ad una altitudine di 400 metri sul livello del mare, 500 alberi di ulivo secolari affondano le radici in una coltre superficiale di terreno vegetale adagiato su uno strato sottostante di roccia calcarea friabile.\",\"breadcrumb\":{\"@id\":\"https:\/\/creazionifass.it\/shop\/chi-siamo\/#breadcrumb\"},\"inLanguage\":\"it-IT\",\"potentialAction\":[{\"@type\":\"ReadAction\",\"target\":[\"https:\/\/creazionifass.it\/shop\/chi-siamo\/\"]}]},{\"@type\":\"BreadcrumbList\",\"@id\":\"https:\/\/creazionifass.it\/shop\/chi-siamo\/#breadcrumb\",\"itemListElement\":[{\"@type\":\"ListItem\",\"position\":1,\"name\":\"Home\",\"item\":\"https:\/\/creazionifass.it\/shop\/\"},{\"@type\":\"ListItem\",\"position\":2,\"name\":\"Chi Siamo\"}]},{\"@type\":\"WebSite\",\"@id\":\"https:\/\/creazionifass.it\/shop\/#website\",\"url\":\"https:\/\/creazionifass.it\/shop\/\",\"name\":\"Creazioni Fass\",\"description\":\"Manifatture made in Italy\",\"potentialAction\":[{\"@type\":\"SearchAction\",\"target\":{\"@type\":\"EntryPoint\",\"urlTemplate\":\"https:\/\/creazionifass.it\/shop\/?s={search_term_string}\"},\"query-input\":{\"@type\":\"PropertyValueSpecification\",\"valueRequired\":true,\"valueName\":\"search_term_string\"}}],\"inLanguage\":\"it-IT\"}]}<\/script>\n<!-- \/ Yoast SEO plugin. -->","yoast_head_json":{"title":"Chi Siamo | Creazioni Fass","description":"Sulla collina di Sarano ad una altitudine di 400 metri sul livello del mare, 500 alberi di ulivo secolari affondano le radici in una coltre superficiale di terreno vegetale adagiato su uno strato sottostante di roccia calcarea friabile.","robots":{"index":"index","follow":"follow","max-snippet":"max-snippet:-1","max-image-preview":"max-image-preview:large","max-video-preview":"max-video-preview:-1"},"canonical":"https:\/\/creazionifass.it\/shop\/chi-siamo\/","og_locale":"it_IT","og_type":"article","og_title":"Chi Siamo | Creazioni Fass","og_description":"Sulla collina di Sarano ad una altitudine di 400 metri sul livello del mare, 500 alberi di ulivo secolari affondano le radici in una coltre superficiale di terreno vegetale adagiato su uno strato sottostante di roccia calcarea friabile.","og_url":"https:\/\/creazionifass.it\/shop\/chi-siamo\/","og_site_name":"Creazioni Fass","article_modified_time":"2024-05-25T08:29:45+00:00","twitter_card":"summary_large_image","twitter_misc":{"Tempo di lettura stimato":"4 minuti"},"schema":{"@context":"https:\/\/schema.org","@graph":[{"@type":"WebPage","@id":"https:\/\/creazionifass.it\/shop\/chi-siamo\/","url":"https:\/\/creazionifass.it\/shop\/chi-siamo\/","name":"Chi Siamo | Creazioni Fass","isPartOf":{"@id":"https:\/\/creazionifass.it\/shop\/#website"},"datePublished":"2021-02-22T16:12:41+00:00","dateModified":"2024-05-25T08:29:45+00:00","description":"Sulla collina di Sarano ad una altitudine di 400 metri sul livello del mare, 500 alberi di ulivo secolari affondano le radici in una coltre superficiale di terreno vegetale adagiato su uno strato sottostante di roccia calcarea friabile.","breadcrumb":{"@id":"https:\/\/creazionifass.it\/shop\/chi-siamo\/#breadcrumb"},"inLanguage":"it-IT","potentialAction":[{"@type":"ReadAction","target":["https:\/\/creazionifass.it\/shop\/chi-siamo\/"]}]},{"@type":"BreadcrumbList","@id":"https:\/\/creazionifass.it\/shop\/chi-siamo\/#breadcrumb","itemListElement":[{"@type":"ListItem","position":1,"name":"Home","item":"https:\/\/creazionifass.it\/shop\/"},{"@type":"ListItem","position":2,"name":"Chi Siamo"}]},{"@type":"WebSite","@id":"https:\/\/creazionifass.it\/shop\/#website","url":"https:\/\/creazionifass.it\/shop\/","name":"Creazioni Fass","description":"Manifatture made in Italy","potentialAction":[{"@type":"SearchAction","target":{"@type":"EntryPoint","urlTemplate":"https:\/\/creazionifass.it\/shop\/?s={search_term_string}"},"query-input":{"@type":"PropertyValueSpecification","valueRequired":true,"valueName":"search_term_string"}}],"inLanguage":"it-IT"}]}},"_links":{"self":[{"href":"https:\/\/creazionifass.it\/shop\/wp-json\/wp\/v2\/pages\/7257","targetHints":{"allow":["GET"]}}],"collection":[{"href":"https:\/\/creazionifass.it\/shop\/wp-json\/wp\/v2\/pages"}],"about":[{"href":"https:\/\/creazionifass.it\/shop\/wp-json\/wp\/v2\/types\/page"}],"author":[{"embeddable":true,"href":"https:\/\/creazionifass.it\/shop\/wp-json\/wp\/v2\/users\/1"}],"replies":[{"embeddable":true,"href":"https:\/\/creazionifass.it\/shop\/wp-json\/wp\/v2\/comments?post=7257"}],"version-history":[{"count":32,"href":"https:\/\/creazionifass.it\/shop\/wp-json\/wp\/v2\/pages\/7257\/revisions"}],"predecessor-version":[{"id":7582,"href":"https:\/\/creazionifass.it\/shop\/wp-json\/wp\/v2\/pages\/7257\/revisions\/7582"}],"wp:attachment":[{"href":"https:\/\/creazionifass.it\/shop\/wp-json\/wp\/v2\/media?parent=7257"}],"curies":[{"name":"wp","href":"https:\/\/api.w.org\/{rel}","templated":true}]}}